*i, -i + 5*f - 26 = -2*i. Suppose -y - 218 = -5*s, -s - 4*y - 3 = -34. Calculate the remainder when s is divided by i.
10
Let v = -804 + 482. Calculate the remainder when 419 is divided by (-60)/(-7)*v/(-92).
29
Let q(l) = -3*l**3 - 63*l**2 + 135*l + 6. What is the remainder when 289 is divided by q(-23)?
64
Let a be (6/9)/1*(-162)/(-4). Suppose 0 = -6*n - 93 - a. What is the remainder when (-102)/(-2) + n/(-5) is divided by 19?
17
Let g = 17 + 8. Let b(o) = 2*o**2 + 164*o + 815. Calculate the remainder when b(-5) is divided by g.
20
Suppose -19*k + 6*k = 0. Suppose k = l + 120 - 136. Calculate the remainder when ((-132)/(-15))/((-6)/(-75)) is divided by l.
14
Let c(d) = d**2 + 30*d - 8. Let b be c(-26). What is the remainder when 340 is divided by 172/3 + (b/12 - -9)?
55
Suppose -13*m + 840 = -70. What is the remainder when 291 is divided by m?
11
Let l(s) = s**3 + 29*s**2 - 11*s - 963. Calculate the remainder when l(-28) is divided by 23.
14
Suppose 2*n - 3 = n. Calculate the remainder when (21/(-12))/(n/(-36)) is divided by (-2)/(-7) + (1068/(-42))/(-2).
8
Let l(o) = -127*o - 27. Let k be l(-1). Let i = 111 - 78. Calculate the remainder when i is divided by k/(-125) - (-188)/10.
15
Let f(y) = 3*y**2 + 5. Let o be 32/(-20)*(-2 - 18). Let w = -23 + o. What is the remainder when f(4) is divided by w?
8
Let d = -10124 - -10090. Let g be -13 - -1 - (2 - 2). Let a = g - d. What is the remainder when 107 is divided by a?
19
Calculate the remainder when -28 + (-1666)/(-56) + 3401/4 is divided by 84.
12
Suppose -6*k - 65 + 251 = 0. Suppose -4*r = -2*p + 65 + k, -r = p - 36. Calculate the remainder when 154 is divided by p.
34
Suppose 27 = 4*j + 5*w, 2 = 2*j + 4*w - 4. Let i(s) = -17*s + 4. Calculate the remainder when i(-5) is divided by j.
11
Suppose -360*m + 54715 = -70*m - 120155. What is the remainder when m is divided by 68?
59
Let t(f) = 3*f + 146. Let a be t(-31). Suppose 2*u - 129 = -5*k, -191 + a = -2*u - 2*k. What is the remainder when u is divided by -1 + 1 + (-27)/(-1)?
18
What is the remainder when (18 - (-368)/(-16)) + (408 - 0) - -4 is divided by 331?
76
Suppose 0 = -x + 25 + 42. Suppose h - 10 = -g - 6, -5*g = 4*h - 13. Calculate the remainder when x is divided by h.
4
Let w = 4505 + -4457. Calculate the remainder when 2251 is divided by w.
43
Let k = -108 + 189. Let c = 262 - 265. Calculate the remainder when k is divided by c*3/45 - (-212)/10.
18
Let c be (5 - (-104)/(-20))/(2/(-30)). Let h be 0/(c/18*9*-2). Calculate the remainder when 150 is divided by -5 + (40 + h - -3).
36
Suppose 129*j - 6050 - 6794 = 4442. Calculate the remainder when 337 is divided by j.
69
Let f(s) = -7*s + 145. Let q be 24/(-14) - -2 - (-96)/7. Let l = -17 + 25. What is the remainder when f(q) is divided by l?
7
Let u(o) = -102*o + 4. Let i = -2056 - -2086. What is the remainder when u(-2) is divided by i?
28
Let i(z) = 206*z**2 + 47*z + 34. What is the remainder when i(8) is divided by 22?
20
Let r(s) = -6*s - 2. Let z be r(-2). Let t be (-7 + 6)*1/((-2)/z). Suppose -t*b + 72 = b. What is the remainder when b is divided by 8?
4
Let a(m) = 3*m**2 + 20*m - 114. Let i be a(6). Let p = -55 + i. Calculate the remainder when p is divided by 7.
3
Suppose 17*d = 13*d - 2*l + 4658, -4*d - l + 4657 = 0. Calculate the remainder when d is divided by 233.
232
Suppose -13 - 6169 = -11*h. Calculate the remainder when h is divided by 34.
18
Let i(a) = a**3 - 20*a**2 - 156*a + 126. What is the remainder when i(26) is divided by 59?
8
Let b = -50 + 56. Calculate the remainder when (-696)/(-522)*18/4 is divided by b.
0
Let h(a) = 5*a + 11. Let q(m) = 629*m**2 - m**3 + 3 - 625*m**2 - 3 + 23*m. Calculate the remainder when h(8) is divided by q(7).
9
Suppose 5*k - 54*b = -49*b + 105, 3*b + 15 = -3*k. Let h = -299 + 432. Calculate the remainder when h is divided by k.
5
Let h be (180 - 9) + (-1)/(2/4). Let d = -160 + h. Calculate the remainder when 87 is divided by d.
6
Let s(w) = -32*w**2 - 5*w - 2. Let m be s(2). Let g = m - -193. What is the remainder when 260 is divided by g?
48
Calculate the remainder when 275 is divided by (-7)/(-7)*11 - -137.
127
Suppose 9*g - 4*g - 2*i - 6 = 0, 0 = 4*i + 12. Let t(b) = -b**3 - 9*b**2 + 3*b - 52. Calculate the remainder when (-53 - -1)*(-1 + g) is divided by t(-10).
16
Let l = -7676 - -7711. Suppose -87 + 293 = 2*y. What is the remainder when y is divided by l?
33
Let m(z) = -8*z + 24. Let q be ((-2)/(-5))/((-2)/(-30)). Suppose j - 28 = -q. Calculate the remainder when m(-2) is divided by j.
18
Let b = -36 - -59. Suppose 54 - 351 = -9*l + 603. What is the remainder when l is divided by b?
8
Let m = 134 - 111. Suppose 5*g - 5*n - 145 = 0, -2*g + m = -2*n + 7*n. Calculate the remainder when 45 is divided by g.
21
Let j(d) = 2 - 9*d + 0 + 16*d - 16. Calculate the remainder when j(6) is divided by -2 + 11/((-11)/(-6)).
0
Let r(l) = 128*l - 2031. Calculate the remainder when r(18) is divided by 50.
23
Suppose 7*h - 26 - 78 = 3*h. Calculate the remainder when 191 is divided by h.
9
Let w(f) = 3*f**2 - 9*f - 6. Let l(t) = t + 83 + 0*t - 62. Let k be l(-15). What is the remainder when w(k) is divided by 17?
14
Let f(w) = w**2 + 26. Suppose -4*g + 86 = -5*l, -4*l + 9905 = -2*g + 9945. What is the remainder when f(0) is divided by g?
2
Suppose 5*f = -g + 433, 102 = 2*f + 3*g - 66. Calculate the remainder when f is divided by ((-16)/(-10))/(((-8)/28)/((-240)/21)).
23
Let i = -251 + 188. Let f = 85 + i. Calculate the remainder when 81 is divided by f.
15
Let z(t) = -t + 45. Let x be z(-15). Let g be -3 + (2 - 5 - x). Calculate the remainder when (g/(-9))/(28/42) is divided by 5.
1
Let y(i) = 38*i. Let s be (-662)/18 + 36/(-162). Let b = 38 + s. Calculate the remainder when y(b) is divided by 8.
6
Suppose 2*t + 401 = 3*x, -4*x + x + 413 = 4*t. Calculate the remainder when 396 is divided by x.
126
Suppose -3*p = 3*p - 210. Suppose -p - 52 = 3*o. Let h = -26 - o. Calculate the remainder when h is divided by 3.
0
Let w(x) = 15*x - 70. Let b be w(-11). Let a = 262 + b. Calculate the remainder when 185 is divided by a.
23
Suppose 4363 = 52*c - 2552 - 1. Calculate the remainder when c is divided by 48.
37
Let l(w) = -4*w + 150. What is the remainder when 1167 is divided by l(22)?
51
Let o = -120 - 62. Let z = 199 + o. Calculate the remainder when 48 is divided by z.
14
Let d(o) = -o + 6. Let p be d(10). Let h(u) = -3*u + 3. Calculate the remainder when 6 - 2 - (-1 - (22 - 1)) is divided by h(p).
11
Let r = -567 + 810. Let q = 277 - r. Calculate the remainder when 167 is divided by q.
31
What is the remainder when 11855 is divided by 71 - (26/6 + -6)*(-18)/(-5)?
74
Let y(v) = -v**2 + 224*v + 2848. Let f = 140 - 80. Calculate the remainder when f is divided by y(-12).
12
Suppose -110*r + 125269 + 339041 = 0. Calculate the remainder when r is divided by 88.
85
Suppose -37*w + 29 + 8 = 0. Calculate the remainder when 56 is divided by w*(26 - 4) - -1.
10
Suppose 3*s - 100 = -334. Let r = -64 - s. Calculate the remainder when 27 is divided by r.
13
Let s = -22 - -29. Suppose -8*i = -4*i - u - 103, -4*i + 85 = 5*u. What is the remainder when i is divided by s?
4
Let z = 3127 - 3106. What is the remainder when 84 is divided by z?
0
Suppose -172*o - 3930 = -5*s - 165*o, 4*s - 5*o = 3141. What is the remainder when s is divided by 96?
11
Let s = 38 - 18. Suppose 39*j + j = 520. Suppose -j*z = 109 - 1357. Calculate the remainder when z is divided by s.
16
Suppose -4*l = -2*s + 3 - 573, 15 = 5*s. Calculate the remainder when 548 is divided by l.
116
Let s(r) = 490*r + 12261. Let u(b) = -b + 4. Let h be u(6). What is the remainder when (h - 3)*78/(-10) is divided by s(-25)?
6
Let d(g) = -g**3 + 3*g**2 + 204*g - 18. Let b be 440/24 - (-2)/3. Let h = 37 - b. What is the remainder when d(-13) is divided by h?
16
Let j = 9 - -34. Let p(t) = -5*t**2 + 41*t - 5. Let r be p(8). Suppose 2*k - 4*i + 40 = 5*k, r*i = -4*k + 58. Calculate the remainder when j is divided by k.
11
What is the remainder when 192 is divided by (-124500)/(-1860) + 2/31?
58
Let b = -170 - -269. Suppose 2*x - 49 = -2*h + 43, 2*h = 5*x + b. What is the remainder when h is divided by 25?
22
Calculate the remainder when 207640/22 + ((-16)/(-224) - (-117)/(-462)) is divided by 20.
18
Suppose 232 = 11*v 